pose -60 = -5*d + 2*d. What is the tens digit of d?
2
Suppose 0*t + 392 = 3*t - y, 12 = 3*y. What is the units digit of t?
2
Suppose -5*x = 5*g - 125, -x - g = -2*x + 25. Suppose 0 = 3*p + 2*u - x + 107, -3*u + 72 = -2*p. What is the units digit of p/(-2) - (-4)/(-2)?
3
Let y = 2 + -17. What is the units digit of -2*(0 - y/(-6))?
5
Let t(i) = 5*i**2 - 2*i + 2. Let g be t(1). Suppose 3*w - b = 3*b + 53, -g*w = 3*b - 127. What is the units digit of w?
3
Let d = 234 - 65. What is the units digit of d?
9
Let g(u) = u**2 - 6*u - 9. Let s be g(7). Let f = s - -6. Suppose 4*x - 4*w - 4 = 0, -11 = -0*x - f*x - 3*w. What is the units digit of x?
2
Suppose -6 = f + 5*s, -2*f + 6*s = 3*s - 14. Let k(v) = 2 - 4*v**2 - 2*v - v**2 + f*v**2 - 1. What is the units digit of k(-2)?
1
Let g be (-2)/4*(-1 + -5). Suppose -g*y = -3 - 3. What is the units digit of 16/y + -1 + -1?
6
Let k = 197 - 103. Suppose 5*a + 4*b = k, -3*b + 97 - 22 = 4*a. What is the units digit of a?
8
What is the hundreds digit of ((2412/(-10))/3)/(9/(-30))?
2
Let s be (-11)/2 + (-1)/(-2). Let c(m) = m**2 + 3*m + 3. Let g be c(s). Let n = g + -7. What is the units digit of n?
6
Let b = -18 - -24. What is the units digit of b?
6
Suppose -1906 = -4*i - 274. What is the tens digit of i?
0
Let o(u) = -16*u**3 - u**2 + 1. Let r be o(-1). What is the units digit of (24/r)/(3/70)?
5
Let h = -7 + 4. Suppose -5 = -2*b - 3*x, -2*b + 2*x = -6*b - 2. What is the units digit of -7*(h + (0 - b))?
7
Suppose -4*i - 391 = -1787. What is the tens digit of i?
4
Suppose 4*p - 149 = 5*k + 20, k - 141 = -3*p. Let q = p + -18. What is the units digit of q?
8
Let i = 25 - 7. What is the tens digit of i?
1
Suppose 15 + 18 = 3*b. What is the tens digit of b?
1
Let n(u) = u - 6. Let q be n(-5). Let r(d) = -5*d - 8. What is the units digit of r(q)?
7
Let a = 43 - 24. Let q = a - 7. What is the tens digit of q?
1
Let o(f) = f**3 - 7*f**2 + 3*f - 9. Let y be o(7). Let d be y/30 + 143/5. Let j = -12 + d. What is the tens digit of j?
1
Let u be 4/2 - 2 - -25. Let q = 44 - u. What is the tens digit of q?
1
Let f(v) = -2*v - 12. What is the units digit of f(-14)?
6
Suppose -8 = -2*w - 4*r, -5*w - 5 - 3 = -4*r. Let k(f) = f**3 - f**2 + f. Let s be k(w). Let v = 3 - s. What is the units digit of v?
3
Let l(x) = -x**2 - 2. Let y be l(2). Let r = 7 + y. What is the units digit of r?
1
Let a = 18 + -29. What is the units digit of (-6)/3 + a/(-1)?
9
Suppose -3*h - 10 = 2*f, 0 = 5*h - h - f + 17. What is the tens digit of (-3 + 38)*h/(-5)?
2
Suppose 0 = 3*p - 85 - 83. What is the units digit of p?
6
Suppose -j - 5*h = -1, 3*h + 10 = 2*j - 5. What is the units digit of j?
6
Let k(y) = y**2 + 4*y + 2. Let h(j) = -2*j + 8. Let b be h(6). What is the units digit of k(b)?
2
Let f(i) = -i**3 - 16*i**2 - 2*i + 30. What is the units digit of f(-16)?
2
Let c(v) = -v**3 - v**2 + v - 1. Let g(h) = -6*h**3 - 6*h**2 + 5*h + 3. Let n(o) = -5*c(o) + g(o). What is the units digit of n(0)?
8
Suppose 2*c - 2*y + 656 = 6*c, -2*c + 340 = -2*y. What is the tens digit of c?
6
Suppose 5*q + 28 = 6*q. What is the units digit of q?
8
Let k(h) be the first derivative of h**4/4 - 4*h**3/3 + 2*h**2 + 3*h - 7. What is the tens digit of k(4)?
1
Let x(i) = -i. Let g be x(-5). Suppose -p - 3*z - 5 = 0, g*z - 4 = 1. Let k = p - -19. What is the units digit of k?
1
Suppose -4*g = -14 + 2. Suppose 54 = g*z - 3*w, 4*z - z + 3*w = 66. What is the tens digit of z?
2
Let z be -1 + (-1 - -11)/2. Suppose 3*y = z*y - 9. What is the units digit of y?
9
Let t = -21 + 30. Let g = -4 + t. What is the units digit of g?
5
Suppose 0 = -3*y + 2*w + 61, 4*y - 50 = -2*w + 8. Suppose -y = -3*q + 13. What is the tens digit of q?
1
Let s(d) be the third derivative of d**4/24 + 13*d**3/6 + 5*d**2. What is the units digit of s(-8)?
5
Let p(s) = -13*s**2 - s + 2. Let m be p(2). What is the units digit of (-6)/(-21) + m/(-14)?
4
Let l be ((-2)/(-5))/((-5)/(-25)). Suppose -l*j + 39 = j. What is the units digit of j?
3
Let g = 392 + -211. What is the hundreds digit of g?
1
Let i = 1 + -3. Let q be (-3)/i*8/(-6). What is the tens digit of (12/(-18))/(q/51)?
1
Suppose 8*p = 3*p + 5. Let x = 3 - p. Suppose -10 - x = -4*r. What is the units digit of r?
3
Suppose 0 = 2*r + 9 - 41. Suppose t + 5*u = 2*u - 13, 2*u = 3*t - r. What is the units digit of t?
2
Suppose -4*s = 2*z - 18, -20 = -3*s + 3*z + 2*z. Suppose -3*x + 3*r + 9 = 0, 3*x - 2*r - 3*r = 19. Let d = s - x. What is the units digit of d?
7
Let y(n) = 7*n + 1. Let l(m) = -m**2 - 5*m + 2. Suppose -o + 25 = -6*o. Let p be l(o). What is the tens digit of y(p)?
1
What is the tens digit of (399/14)/((-2)/(-4))?
5
Suppose q + 0 = -3. Let v = 1 + 2. What is the units digit of (q/6)/(v/(-24))?
4
Let s(j) = -j + 3. What is the tens digit of s(-8)?
1
Let v be 2/(2*(-3)/(-9)). Suppose 0 = -5*c - 4*j + 45, 2*j - 2 = -v*c + 23. Suppose -2*h + 0*x + 28 = 3*x, 32 = 2*h + c*x. What is the tens digit of h?
1
Let g = 415 + -261. What is the tens digit of g?
5
Suppose -4*g = r - 71, 0 = -5*r - 2 - 23. What is the tens digit of g?
1
Let t(a) = a**3 + 5*a**2 - 6*a + 3. Suppose 0*w = 3*w + 18. Let f be t(w). Let l = f - 2. What is the units digit of l?
1
What is the units digit of (14 + -15)*-1*1?
1
Let f = -42 - -110. What is the units digit of f?
8
Suppose -6*n + n = 30. Let t be (2 - (-33)/n)*2. Let c(g) = g**3 + 8*g**2 + 6*g + 5. What is the units digit of c(t)?
2
Let s = -2 + -8. Let o = 15 + -21. Let l = o - s. What is the units digit of l?
4
Suppose -2*g - 8 = -2*l - 0, 2*g = -2*l - 4. What is the units digit of 1*(-1 - (l + -5))?
3
Let s = 14 + -11. Suppose -s*r + 25 = 1. What is the units digit of r?
8
Let n = 1 + -12. Let h = 17 + n. What is the units digit of h?
6
Let b be (-111)/18 - (-1)/6. Let p = b - -31. What is the tens digit of p?
2
Let z(y) = -55*y - 7. What is the units digit of z(-3)?
8
What is the tens digit of (88 - -2) + -6 + 4 - -2?
9
Suppose 4*j = 4*c + 12, -3*c + 2*j - 13 = -2*j. Let m = c - -7. Suppose -37 = -5*g + m. What is the units digit of g?
9
What is the tens digit of (((-128)/(-6))/4)/(17/459)?
4
Let n = 6 + -3. Suppose -n*f = -f - 10. What is the units digit of f?
5
Suppose 4*m - 17 - 39 = 4*t, 0 = 4*t - 4. What is the units digit of m?
5
Suppose 3*s = -s - 24. Let u = s + 34. What is the units digit of u?
8
Let b(p) = -p. Let m(w) = w**3 - 5*w**2 + 7*w + 3. Let v(c) = -5*b(c) - m(c). What is the units digit of v(3)?
9
Let n(r) = -35*r - 1. What is the units digit of n(-2)?
9
Suppose 4*i - 2 = -5*k, 3*k = -2*k + i + 12. What is the units digit of k?
2
Let g = 91 + -7. Suppose 2*j = -5*j + g. What is the tens digit of j?
1
Let x(b) = -4*b - 11. What is the units digit of x(-9)?
5
Suppose -50 = -2*s + 48. Let d = s + -27. Let k = d + -15. What is the units digit of k?
7
Let z be 2 - ((1 - 3) + -1). Suppose -l = -z*l. Suppose -4*n = -3*o - l*o - 49, 3*o = 5*n - 65. What is the units digit of n?
6
Let y(k) = -17*k + 3. Let r be y(2). Let j = -18 - r. What is the units digit of j?
3
Let d(a) = -6*a**3 - 2*a + 1. Let h be d(1). Let c(t) = t + 1. Let r be c(h). What is the units digit of (-5)/30 - 61/r?
0
Suppose 21*f - 8*f = 676. What is the units digit of f?
2
Suppose 20 = 5*l + 5*u, 0 = l - 0*u - u - 8. What is the units digit of (-42)/((-3)/l - 1)?
8
Let n(j) = j + 2. Let f be n(-6). Let h be (1 + 1)/(f/10). What is the units digit of (-1)/(-2 + 1) - h?
6
Let l(d) = 0*d - 2*d + 3 - 3*d**2 + 6*d**2 + 3*d**2. What is the units digit of l(2)?
3
Let f = 15 - 10. Let d = 10 + -7. Suppose -5 = f*u + 2*g, g = -2 - d. What is the units digit of u?
1
Suppose 33 + 9 = 7*t. What is the units digit of t?
6
Suppose 3*c = -3*t + 42, -2*t - 5*c = -46 + 18. Let y = -20 + t. What is the units digit of (-3)/y*2*1?
1
Let d(p) be the first derivative of 6*p**2 - 9*p - 2. What is the units digit of d(4)?
9
Let z(b) be the third derivative of -5/24*b**4 + 0 + 0*b + b**2 + 1/60*b**5 + 0*b**3. What is the units digit of z(6)?
6
Let z = -4 - -12. What is the units digit of z?
8
Let f = 7 + -22. Suppose 0 = -5*r + 118 + 17. Let p = r + f. What is the units digit of p?
2
What is the tens digit of 2 + (41 - (-6)/(-3))?
4
Let n = 26 + -20. What is the units digit of n?
6
Let f(s) = -3*s + 12. Let p(u) = 8*u - 30. Let r(i) = 12*f(i) + 5*p(i). Let y be 